et v(n) = 2*n**2 + 5*n - 6. Let p(s) = -3*v(s) - 5*w(s). Give p(-5).
-7
Let f be 27 + 3 + 4 + -9. Suppose 0 = -0*r + 5*r - f. Let b(l) = -3*l - 19. Let a(u) = -u - 9. Let j(p) = 5*a(p) - 2*b(p). What is j(r)?
-2
Let f(i) = i**3 + 4*i**2 + 5*i + 2. Let r = 49 - 30. Suppose 17*p = r*p + 6. Give f(p).
-4
Suppose 144 = 6*u + 120. Let d(f) = 2*f**2 - 2*f - 1. What is d(u)?
23
Let c(t) = t - 21. Suppose 0 = -4*l + 6*l + 4*l. Determine c(l).
-21
Suppose 15 = 2*q + 3*q - 5*i, -3*q - 5*i + 41 = 0. Let o(w) = -17*w + 15. Let m(l) = 41*l - 38. Let z(n) = 5*m(n) + 12*o(n). Calculate z(q).
-3
Let h(g) be the first derivative of g**3/3 - g**2/2 + g - 2. Let a be 1/((4/2)/(-90)). Let r = 45 + a. What is h(r)?
1
Let j(m) = -15*m**2 + 2*m + 6. Let b(q) = 9*q**2 - q - 4. Let g(h) = 8*b(h) + 5*j(h). Determine g(1).
-3
Let d = 4 - 2. Let w(p) be the third derivative of 1/8*p**4 + 0 + 0*p + 11*p**2 - 1/6*p**3 - 1/60*p**6 + 1/60*p**5. Give w(d).
-7
Suppose 2*f = -3*o + 10, -f + 0*f = -4*o + 6. Let r(g) = -2*g + g**3 + 2*g**o - 1 + g**2 - 2*g**2. Calculate r(-2).
-1
Let j(v) = 2*v**2 - 1 + 5 + 6*v + 6 - 9*v**2 - 12 + v**3. Let n be (0 - 0) + (-12)/(-2). Determine j(n).
-2
Let a(t) = 15*t - 49*t + 15*t + 18*t - 2. Calculate a(-3).
1
Let r = 228 + -232. Let n(u) be the first derivative of -u**3/3 - u**2 - 6*u - 4. Calculate n(r).
-14
Suppose -32*m + 33*m - 5 = 0. Let k(c) = -2*c**2 - 3 + m - 4 + 0. Suppose -4*d + 4*w = -12, -5*d = -0*d - w - 11. Give k(d).
-10
Let h be ((-6)/18)/(1/(-12)). Let b(r) = -5*r**2 + 8*r - 7. Let p(a) = 11*a**2 - 17*a + 17. Let d(f) = 7*b(f) + 3*p(f). Calculate d(h).
-10
Let t(g) = 5*g**2 + g. Let p be t(-1). Let w be (p + -1)/((-9)/(-12)). Let u(x) = 3*x**2 + 4*x - 2*x - 22 + 21 - 2*x - x**3 + 3*x. Give u(w).
-5
Let x(c) = -c**2 + 9*c - 15. Let b = 821 - 818. Determine x(b).
3
Let p(x) be the third derivative of -x**4/24 - 2*x**3/3 - 9*x**2 + 3. Calculate p(-6).
2
Let f = 26 + 4. Suppose -5*a - 22 = -t, 5*t - 8*a = -3*a + f. Let d(s) = -3*s + 0 + 0. Determine d(t).
-6
Let q(n) = -2*n**2 - 30*n + 1. Let o(p) = p**2 + 16*p - 1. Let m(v) = -5*o(v) - 3*q(v). What is m(-10)?
2
Let o be 4/18 - (-61)/9. Let s(u) = -u**2 + 4*u + 8. Let h(b) = -2*b**2 + 8*b + 16. Let t(v) = 6*h(v) - 11*s(v). Determine t(o).
-13
Suppose -4*x = 3*g + 4 - 10, 2*x = -4*g + 8. Let y(o) = 14 - o - 8*o + o**2 + 8*o + g*o. Let u be 1*0*(-1 - 0). Calculate y(u).
14
Let m be (-3)/(-4) - 78/8. Let a(y) = -y**3 - 9*y**2 + 3. Let u be a(m). Suppose 7 = -5*g - u. Let j(r) = r**3 + 5*r**2 + 4*r + 3. Give j(g).
7
Suppose -4 = -0*j - j + t, -3*j - 2*t - 13 = 0. Let p(u) = -2*u**2 + 4*u + 1. Let s(w) = -w. Let o(d) = j*p(d) + 3*s(d). Let q be 5*4*(-4)/(-16). Give o(q).
14
Let w(j) = -70*j**2 - 76*j**2 - 5*j + 8 + 137*j**2 - j**3. Calculate w(-7).
-55
Let k(i) = i**2 + 7*i - 7. Let s be ((-27)/15 + 3)*5. Suppose 5*l + s = -29. What is k(l)?
-7
Let v be (13/(-39))/((-2)/6). Let i(u) = 21*u - v - 13*u + 11*u. Give i(1).
18
Let h(r) = 78*r - 1 - 75*r + r**2 + 1. Determine h(-4).
4
Let r(h) = 36*h. Suppose 108*k - 111*k = -3. Give r(k).
36
Let y(o) = -38*o**2 - 4*o - 3. Let n(i) = 77*i**2 + 9*i + 7. Let u(m) = -4*n(m) - 9*y(m). Calculate u(1).
33
Let a(f) = f**3 - 17*f**2 + 16*f + 2. Let x be a(16). Let d be -1 + (-7 - (2 + -2)) + x. Let n(s) = s**2 + 4*s - 8. What is n(d)?
4
Let i = -477 + 477. Let j(w) = -w**3 + w - 37. What is j(i)?
-37
Let l = -15 - -8. Let b(m) = 13*m - 24. Let n(x) = 11*x - 19. Let o(k) = -5*b(k) + 6*n(k). Calculate o(l).
-1
Suppose 4*h + 36*p + 8 = 33*p, p + 11 = -3*h. Let g(a) = a**2 - 5. What is g(h)?
20
Let j(q) = -4*q**2 + 5*q - 22. Let t(c) = -12*c**2 + 0*c + 13*c**2 - 2*c + 7. Let s(x) = -2*j(x) - 7*t(x). Suppose 0 = 4*o + 12 + 4. What is s(o)?
-5
Let f(n) be the second derivative of 0 - n**2 - 1/6*n**3 + 14*n. Calculate f(3).
-5
Let z(p) = 8*p + 0 - 1 + 0*p. Suppose 2*m = -n - m, -5*n = 2*m. Suppose n = -2*v + 4*w + 6, 0*v + 4*v + 2*w = -8. What is z(v)?
-9
Suppose 0 = 15*d - 6*d + 27. Let w(v) be the third derivative of -v**4/6 - 2*v**3/3 - v**2. Calculate w(d).
8
Let y(s) = 5. Let u(c) = c - 1. Let g(d) = 2*u(d) + 2*y(d). Suppose 0 = -4*p + 11 - 39. Give g(p).
-6
Let h(v) be the third derivative of 0 + 0*v + 3/2*v**3 + v**2 - 1/24*v**4. Let f = -69 - -74. Give h(f).
4
Let h(t) = -t**3 - 10*t**2 + 10*t - 9. Let v be 2/(-3)*(-3)/(-4)*22. Determine h(v).
2
Let v be (-3)/(4 + (-4 - -1)). Let n be 0/v + (-3 - -10). Let o(b) = -b**3 + 6*b**2 + 8*b - 2. Determine o(n).
5
Let m(g) = -2*g**3 + 11*g**2 - 7*g + 13. Let k be m(5). Let x(p) be the second derivative of -1/2*p**2 - 1/3*p**k - 5*p + 0 - 3/4*p**4. Give x(-1).
-8
Let i(x) be the first derivative of -x**3/3 - 5*x**2 + 4*x + 614. Determine i(-11).
-7
Suppose -i = -3*y - 0*i + 9, -y + 4*i = -3. Let l(m) = m**2 - 1. Let u(a) = 5*a**2 - a - 5. Let n(c) = 9*l(c) - 2*u(c). Determine n(y).
-2
Let k(i) be the third derivative of i**6/24 - i**5/30 + i**3/6 - 3*i**2 - 2*i. Calculate k(-1).
-6
Let q(y) = y**2 + 11*y + 27. Let n be q(-8). Let f(o) = 0*o + 239 + n*o - 231. Give f(-6).
-10
Let i(z) = 4*z + 4. Let c(v) = 3*v + 5. Let u(s) = -5*c(s) + 6*i(s). Let d(o) = o**2 + 6*o - 10. Let a be d(-8). Suppose 8 = -2*m + a. Calculate u(m).
-10
Suppose 0 = -4*n + 3*u - 28, n + u + 8 = 2*u. Suppose 15 - 42 = -9*o. Let r(w) = 3*w + 5 - 7 + 13*w**3 + 5*w**2 - 7*w**3 - 5*w**o. What is r(n)?
2
Let z(a) = -1050*a + 520*a - 9 + 527*a. Determine z(9).
-36
Let l = -692 - -695. Let d(w) be the second derivative of w**3/6 - w**2/2 - w. What is d(l)?
2
Let o(a) = -a**3 + 7*a**2 - 8*a - 8. Let m be o(5). Let s(r) = -4*r + 1. Calculate s(m).
-7
Suppose 33*i = 42*i - 81. Let q(p) be the first derivative of -i*p + 2*p**3 + 1/4*p**4 - 10 - p**2. Determine q(-6).
3
Let b(v) = -v + 11. Let y be b(7). Let w(f) = 1. Let q(u) = 4*u - 21. Let t(o) = o - 7. Let k(m) = -2*q(m) + 7*t(m). Let h(d) = -k(d) - 3*w(d). Determine h(y).
8
Let v(c) = 2*c - 3. Let h be ((-4)/3)/(-4)*69. Let r = -9 + h. Suppose 0 = 3*u + 5*p + 13, -4*p + 2*p = -u + r. Calculate v(u).
5
Let i be ((-3)/(-6))/(6/444). Suppose 3*x - 3 = -2*m + 41, -3*x + 5*m = -i. Suppose v - 4*g + x = 2*v, 0 = -v - 2*g + 4. Let a(l) = l + 7. What is a(v)?
1
Let a(j) be the third derivative of 1/10*j**5 - 1/24*j**4 - 1/3*j**3 + 0 + 19*j**2 + 1/120*j**6 + 0*j. Calculate a(-6).
4
Let p(v) be the third derivative of -1/8*v**4 - v**2 - 1/2*v**3 + 0 + 0*v. Let i be ((-6)/5)/((-88)/(-220)). Determine p(i).
6
Suppose 0 = -3*c + 4*a + 8, -2*c - a - 14 + 1 = 0. Let x = -2 - c. Let t(f) = -2*f**2 - 64*f - 15*f**3 + f**x + 63*f. What is t(-1)?
15
Suppose -2*k - k - 51 = -3*x, -2*k + 8 = x. Let s(c) = 2 + 16*c - x*c - 6. Let j(f) = -5*f**3 + f**2 + 2*f + 1. Let d be j(-1). Calculate s(d).
6
Let q(v) = -8*v**2 - 4. Let z be q(0). Let o(b) = b**3 + 5*b**2 + 5*b + 3. Calculate o(z).
-1
Let c(m) = m**2 - 3*m - 4. Let w be c(5). Let f(j) = -j**3 + 8*j**2 - 8*j - 2. Calculate f(w).
22
Let o(b) = 34*b**3 + 17*b**2 + 20*b. Let x(g) = 11*g**3 + 6*g**2 + 7*g. Let p(z) = -6*o(z) + 17*x(z). Give p(-1).
18
Suppose -2*c = 5*z + 2*c - 42, -2*z = 5*c - 27. Suppose 3*b + 12 = z*b. Let h(x) = -x - x + x**2 + 1 - 3*x + b*x. Calculate h(4).
13
Suppose -5*b - 15 - 10 = 0. Let g(t) = t**3 + 9*t**2 + 7*t - 3. Let u(n) = -n**3 - 8*n**2 - 7*n + 2. Let r(c) = 2*g(c) + 3*u(c). What is r(b)?
10
Let g(n) = n**3 + 7*n**2 + n - 7. Let h be g(-7). Let z = -9 - h. Let x(m) be the third derivative of -m**6/120 + m**5/10 - m**4/6 - m**2. Give x(z).
5
Let r be ((-31)/(-4))/(1/4). Let x = 27 - r. Let n(z) = 4 + 3*z + 0 - 4*z. What is n(x)?
8
Let l(x) = 5*x - 1. Let j(k) = k**2 + 11*k + 1. Let p be j(-11). Let b be 2/7*14*p. Give l(b).
19
Let v be ((-3)/(-6))/((-4)/(-184)). Suppose 0 = 5*m - 13 - 2. Suppose v = 5*u + m. Let j(i) = -3*i + 4. Determine j(u).
-8
Let i(j) be the second derivative of -6*j**2 + 1/24*j**4 + 0 - 13*j - 5/6*j**3. Let x(z) be the first derivative of i(z). Calculate x(6).
1
Let h(c) be the first derivative of -19*c**3/3 - c**2 + c + 185. Calculate h(1).
-20
Let v(k) = -9*k - 2. Let m(y) = 16*y + 4. Let r(n) = -4*m(n) - 7*v(n). Calculate r(-4).
2
Let j(n) = n**2 - 5*n + 4. Suppose o = 5*v, 7*v = 2*v. Let w = 5 - o. Give j(w).
4
Let h be -26*(-4)/8 - 3. Let p be (32/h)/((-12)/(-150)). Suppose 0 = 3*w - 3*i - 3, -w = -6*w